{"id":26,"date":"2016-02-12T08:13:33","date_gmt":"2016-02-12T08:13:33","guid":{"rendered":"http:\/\/demos.famethemes.com\/onepress\/?page_id=26"},"modified":"2023-03-28T08:21:50","modified_gmt":"2023-03-28T06:21:50","slug":"bacproagora","status":"publish","type":"page","link":"https:\/\/lycee.saintjosephbelfort.fr\/index.php\/bacproagora\/","title":{"rendered":"BAC PRO AGOrA"},"content":{"rendered":"\n<h3 class=\"has-white-color has-text-color has-background wp-block-heading\" style=\"background-color:#0080bf\"><strong>BAC PRO Assistance \u00e0 la Gestion des Organisations et de leurs Activit\u00e9s (AGOrA)<\/strong><\/h3>\n\n\n<p>Depuis la rentr\u00e9e 2020, le baccalaur\u00e9at professionnel Gestion Administration (GA) cr\u00e9\u00e9 en 2012 s\u2019est transform\u00e9 pour devenir : <strong>le Bac Pro Assistance \u00e0 la Gestion des Organisations et \u00e0 leurs Activit\u00e9s (AGOrA)&nbsp;<\/strong>\u00e9largissant ainsi son champ d\u2019intervention au monde de l\u2019entreprise.<\/p>\n<p><strong>Public concern\u00e9<\/strong>&nbsp;:<\/p>\n<p>\u00c9l\u00e8ves de Troisi\u00e8me ou de Seconde de LEGT<\/p>\n<p><strong>L\u2019enseignement&nbsp;dispens\u00e9 en Bac Pro&nbsp;AGOrA&nbsp;<\/strong>:<\/p>\n<p>Cette nouvelle formation a \u00e9t\u00e9 cr\u00e9\u00e9e en r\u00e9ponse \u00e0 une forte demande des employeurs pour ce type de profil.<\/p>\n<p><strong>L\u2019enseignement professionnel<\/strong>&nbsp;s\u2019articule autour de trois p\u00f4les 3 p\u00f4les :<\/p>\n<ul>\n<li>P\u00f4le 1 \u2013 Gestion des relations avec les clients, les usagers et les adh\u00e9rents.<\/li>\n<li>P\u00f4le 2 \u2013 Organisation et suivi de l\u2019activit\u00e9 de production (de biens ou de services)<\/li>\n<li>P\u00f4le 3 \u2013 Administration du personnel.<\/li>\n<\/ul>\n<p>Cette formation consiste \u00e0 prendre en charge les activit\u00e9s relevant de la gestion administrative comme&nbsp;:<\/p>\n<ul>\n<li><strong>Les relations externes<\/strong>&nbsp;: clients, fournisseurs, tr\u00e9sorerie<\/li>\n<li><strong>Les relations avec le personnel<\/strong>&nbsp;: du recrutement \u00e0 la r\u00e9mun\u00e9ration en passant par le relev\u00e9 de carri\u00e8re<\/li>\n<li><strong>La gestion interne<\/strong>&nbsp;: syst\u00e8me informatique, espace de travail, gestion d\u2019agenda \u00e9lectronique et circulation de l\u2019information<\/li>\n<li><strong>Les projets<\/strong>&nbsp;: suivi de d\u00e9roulement, planification<\/li>\n<\/ul>\n<p>Dans le cadre de la r\u00e9novation de la voie professionnelle, une partie des cours se fait en \u00ab coanimation \u00bb avec un enseignant de mati\u00e8re professionnelle et un enseignant de mati\u00e8re g\u00e9n\u00e9rale. L\u2019objectif est la r\u00e9alisation d\u2019un \u00ab Chef- d\u2019\u0153uvre \u00bb, le compte rendu de ce projet fera l\u2019objet d\u2019un oral au BAC.<\/p>\n<p>Les enseignements professionnels se d\u00e9roulent en \u00ab&nbsp;<strong>Open Space<\/strong>&nbsp;\u00bb (salle am\u00e9nag\u00e9e en \u00eelots professionnels). L\u2019utilisation de l\u2019informatique est g\u00e9n\u00e9ralis\u00e9e et les activit\u00e9s se d\u00e9roulent au sein d\u2019un intranet virtuel dans lequel les \u00e9l\u00e8ves r\u00e9alisent des op\u00e9rations de gestion (achats, ventes en ligne, sites priv\u00e9s, banques virtuelles, progiciel de gestion).<\/p>\n<p><strong>Durant ses trois ann\u00e9es de formation en Bac Pro, l\u2019\u00e9l\u00e8ve doit valider 22 semaines de P\u00e9riodes de Formation en Milieu Professionnel (PFMP).<\/strong><\/p>\n<p><strong>Le Bac Pro AGOrA<\/strong>, c\u2019est&nbsp;:<\/p>\n<ul>\n<li>Se former au quotidien aux t\u00e2ches administratives dans un environnement virtuel tr\u00e8s proche de la r\u00e9alit\u00e9 professionnelle<\/li>\n<li>Acc\u00e9der \u00e0 un emploi recherch\u00e9 et valorisant, tant dans le secteur public que dans le secteur priv\u00e9<\/li>\n<li>Avoir la possibilit\u00e9 de poursuivre un cursus en BTS ou en DUT<\/li>\n<\/ul>\n<p>Les \u00e9l\u00e8ves suivent leur scolarit\u00e9 en utilisant&nbsp;<strong>un passeport num\u00e9rique<\/strong>&nbsp;(cerise-pro).<\/p>","protected":false},"excerpt":{"rendered":"<p>Public concern\u00e9\u00a0:<br \/>\n\u00c9l\u00e8ves de Troisi\u00e8me ou de Seconde de LEGT<\/p>\n","protected":false},"author":1,"featured_media":0,"parent":0,"menu_order":0,"comment_status":"closed","ping_status":"closed","template":"template-fullwidth.php","meta":{"footnotes":""},"class_list":["post-26","page","type-page","status-publish","hentry"],"_links":{"self":[{"href":"https:\/\/lycee.saintjosephbelfort.fr\/index.php\/wp-json\/wp\/v2\/pages\/26","targetHints":{"allow":["GET"]}}],"collection":[{"href":"https:\/\/lycee.saintjosephbelfort.fr\/index.php\/wp-json\/wp\/v2\/pages"}],"about":[{"href":"https:\/\/lycee.saintjosephbelfort.fr\/index.php\/wp-json\/wp\/v2\/types\/page"}],"author":[{"embeddable":true,"href":"https:\/\/lycee.saintjosephbelfort.fr\/index.php\/wp-json\/wp\/v2\/users\/1"}],"replies":[{"embeddable":true,"href":"https:\/\/lycee.saintjosephbelfort.fr\/index.php\/wp-json\/wp\/v2\/comments?post=26"}],"version-history":[{"count":3,"href":"https:\/\/lycee.saintjosephbelfort.fr\/index.php\/wp-json\/wp\/v2\/pages\/26\/revisions"}],"predecessor-version":[{"id":1645,"href":"https:\/\/lycee.saintjosephbelfort.fr\/index.php\/wp-json\/wp\/v2\/pages\/26\/revisions\/1645"}],"wp:attachment":[{"href":"https:\/\/lycee.saintjosephbelfort.fr\/index.php\/wp-json\/wp\/v2\/media?parent=26"}],"curies":[{"name":"wp","href":"https:\/\/api.w.org\/{rel}","templated":true}]}}