{"id":24,"date":"2016-02-12T08:13:06","date_gmt":"2016-02-12T08:13:06","guid":{"rendered":"http:\/\/demos.famethemes.com\/onepress\/?page_id=24"},"modified":"2023-03-28T08:20:37","modified_gmt":"2023-03-28T06:20:37","slug":"bacpromcva","status":"publish","type":"page","link":"https:\/\/lycee.saintjosephbelfort.fr\/index.php\/bacpromcva\/","title":{"rendered":"BAC PRO MCVA"},"content":{"rendered":"\n<h3 class=\"has-white-color has-text-color has-background wp-block-heading\" style=\"background-color:#0080bf\"><strong>BAC PRO M\u00e9tiers du Commerce et de la Vente option A<\/strong><br><strong>\u00ab&nbsp;animation et gestion de l\u2019espace commercial&nbsp;\u00bb (MCVA)<\/strong><\/h3>\n\n\n<p><strong>Public concern\u00e9<\/strong>\u00a0:<\/p>\n<p>\u2013 \u00c9l\u00e8ves de Troisi\u00e8me ou de Seconde de LEGT<\/p>\n<p>\u2013 Titulaires d\u2019un CAP Vente\u00a0<strong>apr\u00e8s examen du dossier scolaire<\/strong><\/p>\n<p>\u00a0<\/p>\n<p><strong>Aptitudes requises<\/strong>\u00a0:<\/p>\n<p>\u2013 L\u2019aptitude \u00e0 communiquer avec la client\u00e8le et les diff\u00e9rents partenaires de l\u2019entreprise,<\/p>\n<p>\u2013 L\u2019aptitude \u00e0 anticiper et mesurer les risques,<\/p>\n<p>\u2013 Le sens de l\u2019\u00e9coute et des responsabilit\u00e9s, le dynamisme,<\/p>\n<p>\u2013 Un \u00e9tat d\u2019esprit de travail en \u00e9quipe toujours positif.<\/p>\n<p>\u00a0<\/p>\n<p><strong>L\u2019enseignement\u00a0dispens\u00e9 en Bac Pro Commerce<\/strong>:<\/p>\n<p>\u00a0<\/p>\n<p><strong>L\u2019enseignement professionnel<\/strong>\u00a0s\u2019articule autour de plusieurs comp\u00e9tences :<\/p>\n<p>\u2013 montage d\u2019actions de promotions ou d\u2019animations dans les entreprises d\u2019accueil en PFMP\u00a0<strong>*<\/strong><\/p>\n<p>\u2013 Gestion commerciale d\u2019un point de vente, d\u2019un rayon, Gestion du mat\u00e9riel et des hommes<\/p>\n<p>\u2013 D\u00e9veloppement et r\u00e9alisations des ventes<\/p>\n<p>\u00a0<\/p>\n<p><strong>L\u2019enseignement g\u00e9n\u00e9ral<\/strong> comprend les mati\u00e8res traditionnelles : fran\u00e7ais, Histoire-G\u00e9ographie, Math\u00e9matiques, Langues Vivantes \u00e9trang\u00e8res, \u00c9ducation Artistiques et EPS. Dans le cadre de la r\u00e9novation de la voie professionnelle, une partie des cours se fait en \u00ab coanimation \u00bb avec un enseignant de mati\u00e8re professionnelle et un enseignant de mati\u00e8re g\u00e9n\u00e9rale. L\u2019objectif est la r\u00e9alisation d\u2019un \u00ab Chef- d\u2019\u0153uvre \u00bb, le compte rendu de ce projet fera l\u2019objet d\u2019un oral au BAC.<\/p>\n<p>\u00a0<\/p>\n<p><strong>Durant ses trois ann\u00e9es de formation en Bac Pro MCVA, l\u2019\u00e9l\u00e8ve doit valider 22 semaines de P\u00e9riodes de Formation en Milieu Professionnel (<\/strong><strong>*PFMP) dans une unit\u00e9 commerciale.<\/strong><\/p>\n<p>\u00a0<\/p>\n<p><strong>Les emplois vis\u00e9s<\/strong><\/p>\n<p>\u2013\u00a0<strong>Lieux d\u2019exercice<\/strong>\u00a0: Tout type d\u2019unit\u00e9 commerciale, s\u00e9dentaire ou non, alimentaire ou non, sp\u00e9cialis\u00e9e ou g\u00e9n\u00e9raliste.<\/p>\n<p>\u2013\u00a0<strong>Postes occup\u00e9s<\/strong>\u00a0: employ\u00e9(e) commercial(e), assistant(e) de vente, vendeur ou vendeuse sp\u00e9cialis\u00e9(e), conseiller ou conseill\u00e8re de vente, adjoint(e) du responsable\u2026..<\/p>\n<p><strong>\u2013 Perspectives d\u2019\u00e9volution de carri\u00e8re<\/strong>\u00a0: manager de rayon, manager de produit ou g\u00e9rant de point de vente apr\u00e8s quelques ann\u00e9es d\u2019exp\u00e9rience professionnelle.<\/p>\n<p>\u00a0<\/p>\n<p><strong>Les missions<\/strong>\u00a0:<\/p>\n<p>\u2013 Rendre et garder le point de vente agr\u00e9able<\/p>\n<p>\u2013 Choisir, commander et r\u00e9ceptionner les produits<\/p>\n<p>\u2013 G\u00e9rer les stocks de produits<\/p>\n<p>\u2013 Accueillir, informer et conseiller les clients<\/p>\n<p>\u2013 Fid\u00e9liser\u00a0: Donner aux clients l\u2019envie de revenir dans le point de vente<\/p>\n<p>\u00a0<\/p>\n<p><strong>La Poursuite d\u2019\u00e9tudes<\/strong><\/p>\n<p>Le titulaire du Bac Pro commerce peut s\u2019orienter vers des \u00e9tudes sup\u00e9rieures telles que les BTS MCO ou les BTS NDRC, en formation initiale ou par alternance.<\/p>","protected":false},"excerpt":{"rendered":"<p>Public concern\u00e9\u00a0:<br \/>\n\u2013 \u00c9l\u00e8ves de Troisi\u00e8me ou de Seconde de LEGT<br \/>\n\u2013 Titulaires d\u2019un CAP Vente\u00a0apr\u00e8s examen du dossier scolaire<\/p>\n","protected":false},"author":1,"featured_media":0,"parent":0,"menu_order":0,"comment_status":"closed","ping_status":"closed","template":"template-fullwidth.php","meta":{"footnotes":""},"class_list":["post-24","page","type-page","status-publish","hentry"],"_links":{"self":[{"href":"https:\/\/lycee.saintjosephbelfort.fr\/index.php\/wp-json\/wp\/v2\/pages\/24","targetHints":{"allow":["GET"]}}],"collection":[{"href":"https:\/\/lycee.saintjosephbelfort.fr\/index.php\/wp-json\/wp\/v2\/pages"}],"about":[{"href":"https:\/\/lycee.saintjosephbelfort.fr\/index.php\/wp-json\/wp\/v2\/types\/page"}],"author":[{"embeddable":true,"href":"https:\/\/lycee.saintjosephbelfort.fr\/index.php\/wp-json\/wp\/v2\/users\/1"}],"replies":[{"embeddable":true,"href":"https:\/\/lycee.saintjosephbelfort.fr\/index.php\/wp-json\/wp\/v2\/comments?post=24"}],"version-history":[{"count":4,"href":"https:\/\/lycee.saintjosephbelfort.fr\/index.php\/wp-json\/wp\/v2\/pages\/24\/revisions"}],"predecessor-version":[{"id":1643,"href":"https:\/\/lycee.saintjosephbelfort.fr\/index.php\/wp-json\/wp\/v2\/pages\/24\/revisions\/1643"}],"wp:attachment":[{"href":"https:\/\/lycee.saintjosephbelfort.fr\/index.php\/wp-json\/wp\/v2\/media?parent=24"}],"curies":[{"name":"wp","href":"https:\/\/api.w.org\/{rel}","templated":true}]}}

<h3 class="has-white-color has-text-color has-background wp-block-heading" style="background-color:#0080bf"><strong>BAC PRO Métiers du Commerce et de la Vente option A</strong><br><strong>«&nbsp;animation et gestion de l’espace commercial&nbsp;» (MCVA)</strong></h3>


<p><strong>Public concerné</strong> :</p>
<p>– Élèves de Troisième ou de Seconde de LEGT</p>
<p>– Titulaires d’un CAP Vente <strong>après examen du dossier scolaire</strong></p>
<p> </p>
<p><strong>Aptitudes requises</strong> :</p>
<p>– L’aptitude à communiquer avec la clientèle et les différents partenaires de l’entreprise,</p>
<p>– L’aptitude à anticiper et mesurer les risques,</p>
<p>– Le sens de l’écoute et des responsabilités, le dynamisme,</p>
<p>– Un état d’esprit de travail en équipe toujours positif.</p>
<p> </p>
<p><strong>L’enseignement dispensé en Bac Pro Commerce</strong>:</p>
<p> </p>
<p><strong>L’enseignement professionnel</strong> s’articule autour de plusieurs compétences :</p>
<p>– montage d’actions de promotions ou d’animations dans les entreprises d’accueil en PFMP <strong>*</strong></p>
<p>– Gestion commerciale d’un point de vente, d’un rayon, Gestion du matériel et des hommes</p>
<p>– Développement et réalisations des ventes</p>
<p> </p>
<p><strong>L’enseignement général</strong> comprend les matières traditionnelles : français, Histoire-Géographie, Mathématiques, Langues Vivantes étrangères, Éducation Artistiques et EPS. Dans le cadre de la rénovation de la voie professionnelle, une partie des cours se fait en « coanimation » avec un enseignant de matière professionnelle et un enseignant de matière générale. L’objectif est la réalisation d’un « Chef- d’œuvre », le compte rendu de ce projet fera l’objet d’un oral au BAC.</p>
<p> </p>
<p><strong>Durant ses trois années de formation en Bac Pro MCVA, l’élève doit valider 22 semaines de Périodes de Formation en Milieu Professionnel (</strong><strong>*PFMP) dans une unité commerciale.</strong></p>
<p> </p>
<p><strong>Les emplois visés</strong></p>
<p>– <strong>Lieux d’exercice</strong> : Tout type d’unité commerciale, sédentaire ou non, alimentaire ou non, spécialisée ou généraliste.</p>
<p>– <strong>Postes occupés</strong> : employé(e) commercial(e), assistant(e) de vente, vendeur ou vendeuse spécialisé(e), conseiller ou conseillère de vente, adjoint(e) du responsable…..</p>
<p><strong>– Perspectives d’évolution de carrière</strong> : manager de rayon, manager de produit ou gérant de point de vente après quelques années d’expérience professionnelle.</p>
<p> </p>
<p><strong>Les missions</strong> :</p>
<p>– Rendre et garder le point de vente agréable</p>
<p>– Choisir, commander et réceptionner les produits</p>
<p>– Gérer les stocks de produits</p>
<p>– Accueillir, informer et conseiller les clients</p>
<p>– Fidéliser : Donner aux clients l’envie de revenir dans le point de vente</p>
<p> </p>
<p><strong>La Poursuite d’études</strong></p>
<p>Le titulaire du Bac Pro commerce peut s’orienter vers des études supérieures telles que les BTS MCO ou les BTS NDRC, en formation initiale ou par alternance.</p>

<p>Public concerné :<br />
– Élèves de Troisième ou de Seconde de LEGT<br />
– Titulaires d’un CAP Vente après examen du dossier scolaire</p>
