{"id":17,"date":"2016-02-12T08:09:36","date_gmt":"2016-02-12T08:09:36","guid":{"rendered":"http:\/\/demos.famethemes.com\/onepress\/?page_id=17"},"modified":"2026-01-12T15:55:56","modified_gmt":"2026-01-12T14:55:56","slug":"presentation","status":"publish","type":"page","link":"https:\/\/lycee.saintjosephbelfort.fr\/index.php\/presentation\/","title":{"rendered":"Pr\u00e9sentation"},"content":{"rendered":"<p>En rapport direct avec l\u2019Entreprise, le lyc\u00e9e professionnel Saint-Joseph propose un enseignement qui permet d\u2019acqu\u00e9rir des comp\u00e9tences, des connaissances g\u00e9n\u00e9rales et professionnelles \u00e0 diff\u00e9rents niveaux de formation\u00a0:<\/p>\n<ul>\n<li><a href=\"https:\/\/lycee.saintjosephbelfort.fr\/index.php\/3pm\/\">\u00a0<span style=\"color: #0000ff;\">3\u00e8me Pr\u00e9pa-M\u00e9tiers<\/span><\/a> : formation initiale<\/li>\n<li><span style=\"color: #0000ff;\"><a style=\"color: #0000ff;\" href=\"https:\/\/lycee.saintjosephbelfort.fr\/index.php\/cap-epc\/\">CAP EPC<\/a><\/span> : employ\u00e9 polyvalent du commerce; formation initiale ou en alternance<\/li>\n<li><a href=\"https:\/\/lycee.saintjosephbelfort.fr\/index.php\/bacpromcva\/\"><span style=\"color: #0000ff;\">BAC PRO MCV option A<\/span><\/a> : m\u00e9tiers du commerce et de la vente option \u00ab animation et gestion de l\u2019espace commercial \u00bb; formation initiale ou en alternance<\/li>\n<li><a href=\"https:\/\/lycee.saintjosephbelfort.fr\/index.php\/bacproma\/\"><span style=\"color: #0000ff;\">BAC PRO MA<\/span><\/a> : m\u00e9tiers de l\u2019accueil; formation initiale ou en alternance<\/li>\n<li><a href=\"https:\/\/lycee.saintjosephbelfort.fr\/index.php\/bacproagora\/\"><span style=\"color: #0000ff;\">BAC PRO AGOrA<\/span>\u00a0<\/a> : assistance \u00e0 la gestion des organisations et de leurs activit\u00e9s; formation initiale ou en alternance<\/li>\n<li><span style=\"color: #0000ff;\">CS Vendeur-Conseil en Alimentation:\u00a0<span style=\"color: #808080;\">Vendeur conseil en produit alimentaire , formation en alternance<\/span><\/span><\/li>\n<\/ul>\n<p>L\u2019enseignement dispens\u00e9 ambitionne deux finalit\u00e9s, l\u2019insertion professionnelle et la poursuite d\u2019\u00e9tudes.<\/p>\n<p>Je vous laisse parcourir notre site qui vous conduira sur les diff\u00e9rentes formations propos\u00e9es dans notre \u00e9tablissement, et suivre, au gr\u00e9 de nos actions ponctuelles, l\u2019\u00e9volution de nos \u00e9l\u00e8ves tout au long de leur scolarit\u00e9.<\/p>\n<p>La Directrice,<\/p>\n<p>Julie GIRARD<\/p>\n","protected":false},"excerpt":{"rendered":"<p>En rapport direct avec l\u2019Entreprise, le lyc\u00e9e professionnel Saint-Joseph propose un enseignement qui permet d\u2019acqu\u00e9rir des comp\u00e9tences, des connaissances g\u00e9n\u00e9rales et professionnelles \u00e0 diff\u00e9rents niveaux de formation\u00a0: \u00a03\u00e8me Pr\u00e9pa-M\u00e9tiers : &#8230;<\/p>\n","protected":false},"author":1,"featured_media":1449,"parent":0,"menu_order":0,"comment_status":"closed","ping_status":"closed","template":"template-fullwidth.php","meta":{"footnotes":""},"class_list":["post-17","page","type-page","status-publish","has-post-thumbnail","hentry"],"_links":{"self":[{"href":"https:\/\/lycee.saintjosephbelfort.fr\/index.php\/wp-json\/wp\/v2\/pages\/17","targetHints":{"allow":["GET"]}}],"collection":[{"href":"https:\/\/lycee.saintjosephbelfort.fr\/index.php\/wp-json\/wp\/v2\/pages"}],"about":[{"href":"https:\/\/lycee.saintjosephbelfort.fr\/index.php\/wp-json\/wp\/v2\/types\/page"}],"author":[{"embeddable":true,"href":"https:\/\/lycee.saintjosephbelfort.fr\/index.php\/wp-json\/wp\/v2\/users\/1"}],"replies":[{"embeddable":true,"href":"https:\/\/lycee.saintjosephbelfort.fr\/index.php\/wp-json\/wp\/v2\/comments?post=17"}],"version-history":[{"count":6,"href":"https:\/\/lycee.saintjosephbelfort.fr\/index.php\/wp-json\/wp\/v2\/pages\/17\/revisions"}],"predecessor-version":[{"id":1879,"href":"https:\/\/lycee.saintjosephbelfort.fr\/index.php\/wp-json\/wp\/v2\/pages\/17\/revisions\/1879"}],"wp:featuredmedia":[{"embeddable":true,"href":"https:\/\/lycee.saintjosephbelfort.fr\/index.php\/wp-json\/wp\/v2\/media\/1449"}],"wp:attachment":[{"href":"https:\/\/lycee.saintjosephbelfort.fr\/index.php\/wp-json\/wp\/v2\/media?parent=17"}],"curies":[{"name":"wp","href":"https:\/\/api.w.org\/{rel}","templated":true}]}}